{"id":113,"date":"2025-01-14T13:09:20","date_gmt":"2025-01-14T13:09:20","guid":{"rendered":"https:\/\/santiasoluciones.com\/?page_id=113"},"modified":"2025-02-07T18:28:42","modified_gmt":"2025-02-07T18:28:42","slug":"aviso-legal","status":"publish","type":"page","link":"https:\/\/santiasoluciones.com\/index.php\/aviso-legal\/","title":{"rendered":"Aviso legal"},"content":{"rendered":"\t\t<div data-elementor-type=\"wp-page\" data-elementor-id=\"113\" class=\"elementor elementor-113\" data-elementor-post-type=\"page\">\n\t\t\t\t<div class=\"elementor-element elementor-element-1a022f3 e-flex e-con-boxed wpr-particle-no wpr-jarallax-no wpr-parallax-no wpr-sticky-section-no wpr-equal-height-no e-con e-parent\" data-id=\"1a022f3\" data-element_type=\"container\" data-e-type=\"container\">\n\t\t\t\t\t<div class=\"e-con-inner\">\n\t\t\t\t<div class=\"elementor-element elementor-element-9c65dec elementor-widget elementor-widget-text-editor\" data-id=\"9c65dec\" data-element_type=\"widget\" data-e-type=\"widget\" data-widget_type=\"text-editor.default\">\n\t\t\t\t<div class=\"elementor-widget-container\">\n\t\t\t\t\t\t\t\t\t<p>AVISO LEGAL<\/p><p>1. Datos Identificativos<br \/>De conformidad con el art\u00edculo 10 de la Ley 34\/2002, de 11 de julio, de Servicios de la Sociedad de la Informaci\u00f3n y de Comercio Electr\u00f3nico (LSSI-CE), se informa de que el titular del sitio web Santia Soluciones (en adelante, \u00abel Sitio Web\u00bb) es:<\/p><p>SANTIA SOLUCIONES<\/p><p>Domicilio social: Santander<\/p><p>Tel\u00e9fono de contacto: 675 512 594<\/p><p>Correo electr\u00f3nico: info@santiasoluciones.com<\/p><p>Sitio web: www.santiasoluciones.com<\/p><p>2. Objeto<br \/>El presente Aviso Legal regula el uso del Sitio Web, incluyendo el acceso, navegaci\u00f3n y utilizaci\u00f3n de los contenidos y servicios ofrecidos por Santia Soluciones.<\/p><p>3. Condiciones de Uso<br \/>El acceso y uso del Sitio Web atribuye la condici\u00f3n de usuario e implica la aceptaci\u00f3n de las condiciones aqu\u00ed establecidas. Se compromete a utilizar el Sitio Web de conformidad con la legislaci\u00f3n vigente y el presente Aviso Legal.<\/p><p>4. Propiedad Intelectual e Industrial<br \/>Los contenidos de este Sitio Web (textos, im\u00e1genes, logotipos, dise\u00f1o, estructura, etc.) est\u00e1n protegidos por la normativa de propiedad intelectual e industrial. Queda prohibida la reproducci\u00f3n, distribuci\u00f3n o modificaci\u00f3n sin autorizaci\u00f3n expresa del titular.<\/p><p>5. Protecci\u00f3n de Datos<br \/>Santia Soluciones cumple con la normativa vigente en materia de protecci\u00f3n de datos personales. Para m\u00e1s informaci\u00f3n sobre el tratamiento de datos personales, consulte nuestra [Pol\u00edtica de Privacidad].<\/p><p>6. Responsabilidad<br \/>Santia Soluciones no se hace responsable del uso indebido de la informaci\u00f3n contenida en el Sitio Web ni de posibles da\u00f1os derivados de su acceso o uso. Tampoco garantiza la ausencia de virus u otros elementos da\u00f1inos en la web.<\/p><p>7. Enlaces a Terceros<br \/>Este Sitio Web puede contener enlaces a sitios de terceros. Santia Soluciones no asume ninguna responsabilidad por los contenidos, pol\u00edticas de privacidad o pr\u00e1cticas de dichos sitios.<\/p><p>8. Legislaci\u00f3n Aplicable y Jurisdicci\u00f3n<br \/>El presente Aviso Legal se rige por la legislaci\u00f3n espa\u00f1ola. Cualquier controversia se someter\u00e1 a los juzgados y tribunales de Santander, salvo que la normativa aplicable establezca otra cosa.<\/p><p>Para cualquier consulta o duda sobre este Aviso Legal, puede contactar con nosotros en info@santiasoluciones.com.<\/p>\t\t\t\t\t\t\t\t<\/div>\n\t\t\t\t<\/div>\n\t\t\t\t\t<\/div>\n\t\t\t\t<\/div>\n\t\t\t\t<\/div>\n\t\t","protected":false},"excerpt":{"rendered":"<p>AVISO LEGAL 1. Datos IdentificativosDe conformidad con el art\u00edculo 10 de la Ley 34\/2002, de 11 de julio, de Servicios de la Sociedad de la Informaci\u00f3n y de Comercio Electr\u00f3nico (LSSI-CE), se informa de que el titular del sitio web Santia Soluciones (en adelante, \u00abel Sitio Web\u00bb) es: SANTIA SOLUCIONES Domicilio social: Santander Tel\u00e9fono de contacto: 675 512 594 Correo electr\u00f3nico: info@santiasoluciones.com Sitio web: www.santiasoluciones.com 2. ObjetoEl presente Aviso Legal regula el uso del Sitio Web, incluyendo el acceso, navegaci\u00f3n y utilizaci\u00f3n de los contenidos y servicios ofrecidos por Santia Soluciones. 3. Condiciones de UsoEl acceso y uso del Sitio Web atribuye la condici\u00f3n de usuario e implica la aceptaci\u00f3n de las condiciones aqu\u00ed establecidas. Se compromete a utilizar el Sitio Web de conformidad con la legislaci\u00f3n vigente y el presente Aviso Legal. 4. Propiedad Intelectual e IndustrialLos contenidos de este Sitio Web (textos, im\u00e1genes, logotipos, dise\u00f1o, estructura, etc.) est\u00e1n protegidos por la normativa de propiedad intelectual e industrial. Queda prohibida la reproducci\u00f3n, distribuci\u00f3n o modificaci\u00f3n sin autorizaci\u00f3n expresa del titular. 5. Protecci\u00f3n de DatosSantia Soluciones cumple con la normativa vigente en materia de protecci\u00f3n de datos personales. Para m\u00e1s informaci\u00f3n sobre el tratamiento de datos personales, consulte nuestra [Pol\u00edtica de Privacidad]. 6. ResponsabilidadSantia Soluciones no se hace responsable del uso indebido de la informaci\u00f3n contenida en el Sitio Web ni de posibles da\u00f1os derivados de su acceso o uso. Tampoco garantiza la ausencia de virus u otros elementos da\u00f1inos en la web. 7. Enlaces a TercerosEste Sitio Web puede contener enlaces a sitios de terceros. Santia Soluciones no asume ninguna responsabilidad por los contenidos, pol\u00edticas de privacidad o pr\u00e1cticas de dichos sitios. 8. Legislaci\u00f3n Aplicable y Jurisdicci\u00f3nEl presente Aviso Legal se rige por la legislaci\u00f3n espa\u00f1ola. Cualquier controversia se someter\u00e1 a los juzgados y tribunales de Santander, salvo que la normativa aplicable establezca otra cosa. Para cualquier consulta o duda sobre este Aviso Legal, puede contactar con nosotros en info@santiasoluciones.com.<\/p>\n","protected":false},"author":1,"featured_media":0,"parent":0,"menu_order":0,"comment_status":"closed","ping_status":"closed","template":"","meta":{"footnotes":""},"class_list":["post-113","page","type-page","status-publish","hentry"],"yoast_head":"<!-- This site is optimized with the Yoast SEO plugin v27.4 - https:\/\/yoast.com\/product\/yoast-seo-wordpress\/ -->\n<title>Aviso legal -<\/title>\n<meta name=\"robots\" content=\"index, follow, max-snippet:-1, max-image-preview:large, max-video-preview:-1\" \/>\n<link rel=\"canonical\" href=\"https:\/\/santiasoluciones.com\/index.php\/aviso-legal\/\" \/>\n<meta property=\"og:locale\" content=\"es_ES\" \/>\n<meta property=\"og:type\" content=\"article\" \/>\n<meta property=\"og:title\" content=\"Aviso legal -\" \/>\n<meta property=\"og:description\" content=\"AVISO LEGAL 1. Datos IdentificativosDe conformidad con el art\u00edculo 10 de la Ley 34\/2002, de 11 de julio, de Servicios de la Sociedad de la Informaci\u00f3n y de Comercio Electr\u00f3nico (LSSI-CE), se informa de que el titular del sitio web Santia Soluciones (en adelante, \u00abel Sitio Web\u00bb) es: SANTIA SOLUCIONES Domicilio social: Santander Tel\u00e9fono de contacto: 675 512 594 Correo electr\u00f3nico: info@santiasoluciones.com Sitio web: www.santiasoluciones.com 2. ObjetoEl presente Aviso Legal regula el uso del Sitio Web, incluyendo el acceso, navegaci\u00f3n y utilizaci\u00f3n de los contenidos y servicios ofrecidos por Santia Soluciones. 3. Condiciones de UsoEl acceso y uso del Sitio Web atribuye la condici\u00f3n de usuario e implica la aceptaci\u00f3n de las condiciones aqu\u00ed establecidas. Se compromete a utilizar el Sitio Web de conformidad con la legislaci\u00f3n vigente y el presente Aviso Legal. 4. Propiedad Intelectual e IndustrialLos contenidos de este Sitio Web (textos, im\u00e1genes, logotipos, dise\u00f1o, estructura, etc.) est\u00e1n protegidos por la normativa de propiedad intelectual e industrial. Queda prohibida la reproducci\u00f3n, distribuci\u00f3n o modificaci\u00f3n sin autorizaci\u00f3n expresa del titular. 5. Protecci\u00f3n de DatosSantia Soluciones cumple con la normativa vigente en materia de protecci\u00f3n de datos personales. Para m\u00e1s informaci\u00f3n sobre el tratamiento de datos personales, consulte nuestra [Pol\u00edtica de Privacidad]. 6. ResponsabilidadSantia Soluciones no se hace responsable del uso indebido de la informaci\u00f3n contenida en el Sitio Web ni de posibles da\u00f1os derivados de su acceso o uso. Tampoco garantiza la ausencia de virus u otros elementos da\u00f1inos en la web. 7. Enlaces a TercerosEste Sitio Web puede contener enlaces a sitios de terceros. Santia Soluciones no asume ninguna responsabilidad por los contenidos, pol\u00edticas de privacidad o pr\u00e1cticas de dichos sitios. 8. Legislaci\u00f3n Aplicable y Jurisdicci\u00f3nEl presente Aviso Legal se rige por la legislaci\u00f3n espa\u00f1ola. Cualquier controversia se someter\u00e1 a los juzgados y tribunales de Santander, salvo que la normativa aplicable establezca otra cosa. Para cualquier consulta o duda sobre este Aviso Legal, puede contactar con nosotros en info@santiasoluciones.com.\" \/>\n<meta property=\"og:url\" content=\"https:\/\/santiasoluciones.com\/index.php\/aviso-legal\/\" \/>\n<meta property=\"article:publisher\" content=\"https:\/\/www.facebook.com\/santiasoluciones\/\" \/>\n<meta property=\"article:modified_time\" content=\"2025-02-07T18:28:42+00:00\" \/>\n<meta name=\"twitter:card\" content=\"summary_large_image\" \/>\n<meta name=\"twitter:label1\" content=\"Tiempo de lectura\" \/>\n\t<meta name=\"twitter:data1\" content=\"2 minutos\" \/>\n<script type=\"application\/ld+json\" class=\"yoast-schema-graph\">{\"@context\":\"https:\\\/\\\/schema.org\",\"@graph\":[{\"@type\":\"WebPage\",\"@id\":\"https:\\\/\\\/santiasoluciones.com\\\/index.php\\\/aviso-legal\\\/\",\"url\":\"https:\\\/\\\/santiasoluciones.com\\\/index.php\\\/aviso-legal\\\/\",\"name\":\"Aviso legal -\",\"isPartOf\":{\"@id\":\"https:\\\/\\\/santiasoluciones.com\\\/#website\"},\"datePublished\":\"2025-01-14T13:09:20+00:00\",\"dateModified\":\"2025-02-07T18:28:42+00:00\",\"breadcrumb\":{\"@id\":\"https:\\\/\\\/santiasoluciones.com\\\/index.php\\\/aviso-legal\\\/#breadcrumb\"},\"inLanguage\":\"es\",\"potentialAction\":[{\"@type\":\"ReadAction\",\"target\":[\"https:\\\/\\\/santiasoluciones.com\\\/index.php\\\/aviso-legal\\\/\"]}]},{\"@type\":\"BreadcrumbList\",\"@id\":\"https:\\\/\\\/santiasoluciones.com\\\/index.php\\\/aviso-legal\\\/#breadcrumb\",\"itemListElement\":[{\"@type\":\"ListItem\",\"position\":1,\"name\":\"Portada\",\"item\":\"https:\\\/\\\/santiasoluciones.com\\\/\"},{\"@type\":\"ListItem\",\"position\":2,\"name\":\"Aviso legal\"}]},{\"@type\":\"WebSite\",\"@id\":\"https:\\\/\\\/santiasoluciones.com\\\/#website\",\"url\":\"https:\\\/\\\/santiasoluciones.com\\\/\",\"name\":\"santiasoluciones.com\",\"description\":\"\",\"publisher\":{\"@id\":\"https:\\\/\\\/santiasoluciones.com\\\/#organization\"},\"potentialAction\":[{\"@type\":\"SearchAction\",\"target\":{\"@type\":\"EntryPoint\",\"urlTemplate\":\"https:\\\/\\\/santiasoluciones.com\\\/?s={search_term_string}\"},\"query-input\":{\"@type\":\"PropertyValueSpecification\",\"valueRequired\":true,\"valueName\":\"search_term_string\"}}],\"inLanguage\":\"es\"},{\"@type\":\"Organization\",\"@id\":\"https:\\\/\\\/santiasoluciones.com\\\/#organization\",\"name\":\"SANTIA SOLUCIONES\",\"url\":\"https:\\\/\\\/santiasoluciones.com\\\/\",\"logo\":{\"@type\":\"ImageObject\",\"inLanguage\":\"es\",\"@id\":\"https:\\\/\\\/santiasoluciones.com\\\/#\\\/schema\\\/logo\\\/image\\\/\",\"url\":\"https:\\\/\\\/santiasoluciones.com\\\/wp-content\\\/uploads\\\/2025\\\/01\\\/IMG-20241226-WA0003.png\",\"contentUrl\":\"https:\\\/\\\/santiasoluciones.com\\\/wp-content\\\/uploads\\\/2025\\\/01\\\/IMG-20241226-WA0003.png\",\"width\":2048,\"height\":1161,\"caption\":\"SANTIA SOLUCIONES\"},\"image\":{\"@id\":\"https:\\\/\\\/santiasoluciones.com\\\/#\\\/schema\\\/logo\\\/image\\\/\"},\"sameAs\":[\"https:\\\/\\\/www.facebook.com\\\/santiasoluciones\\\/\"]}]}<\/script>\n<!-- \/ Yoast SEO plugin. -->","yoast_head_json":{"title":"Aviso legal -","robots":{"index":"index","follow":"follow","max-snippet":"max-snippet:-1","max-image-preview":"max-image-preview:large","max-video-preview":"max-video-preview:-1"},"canonical":"https:\/\/santiasoluciones.com\/index.php\/aviso-legal\/","og_locale":"es_ES","og_type":"article","og_title":"Aviso legal -","og_description":"AVISO LEGAL 1. Datos IdentificativosDe conformidad con el art\u00edculo 10 de la Ley 34\/2002, de 11 de julio, de Servicios de la Sociedad de la Informaci\u00f3n y de Comercio Electr\u00f3nico (LSSI-CE), se informa de que el titular del sitio web Santia Soluciones (en adelante, \u00abel Sitio Web\u00bb) es: SANTIA SOLUCIONES Domicilio social: Santander Tel\u00e9fono de contacto: 675 512 594 Correo electr\u00f3nico: info@santiasoluciones.com Sitio web: www.santiasoluciones.com 2. ObjetoEl presente Aviso Legal regula el uso del Sitio Web, incluyendo el acceso, navegaci\u00f3n y utilizaci\u00f3n de los contenidos y servicios ofrecidos por Santia Soluciones. 3. Condiciones de UsoEl acceso y uso del Sitio Web atribuye la condici\u00f3n de usuario e implica la aceptaci\u00f3n de las condiciones aqu\u00ed establecidas. Se compromete a utilizar el Sitio Web de conformidad con la legislaci\u00f3n vigente y el presente Aviso Legal. 4. Propiedad Intelectual e IndustrialLos contenidos de este Sitio Web (textos, im\u00e1genes, logotipos, dise\u00f1o, estructura, etc.) est\u00e1n protegidos por la normativa de propiedad intelectual e industrial. Queda prohibida la reproducci\u00f3n, distribuci\u00f3n o modificaci\u00f3n sin autorizaci\u00f3n expresa del titular. 5. Protecci\u00f3n de DatosSantia Soluciones cumple con la normativa vigente en materia de protecci\u00f3n de datos personales. Para m\u00e1s informaci\u00f3n sobre el tratamiento de datos personales, consulte nuestra [Pol\u00edtica de Privacidad]. 6. ResponsabilidadSantia Soluciones no se hace responsable del uso indebido de la informaci\u00f3n contenida en el Sitio Web ni de posibles da\u00f1os derivados de su acceso o uso. Tampoco garantiza la ausencia de virus u otros elementos da\u00f1inos en la web. 7. Enlaces a TercerosEste Sitio Web puede contener enlaces a sitios de terceros. Santia Soluciones no asume ninguna responsabilidad por los contenidos, pol\u00edticas de privacidad o pr\u00e1cticas de dichos sitios. 8. Legislaci\u00f3n Aplicable y Jurisdicci\u00f3nEl presente Aviso Legal se rige por la legislaci\u00f3n espa\u00f1ola. Cualquier controversia se someter\u00e1 a los juzgados y tribunales de Santander, salvo que la normativa aplicable establezca otra cosa. Para cualquier consulta o duda sobre este Aviso Legal, puede contactar con nosotros en info@santiasoluciones.com.","og_url":"https:\/\/santiasoluciones.com\/index.php\/aviso-legal\/","article_publisher":"https:\/\/www.facebook.com\/santiasoluciones\/","article_modified_time":"2025-02-07T18:28:42+00:00","twitter_card":"summary_large_image","twitter_misc":{"Tiempo de lectura":"2 minutos"},"schema":{"@context":"https:\/\/schema.org","@graph":[{"@type":"WebPage","@id":"https:\/\/santiasoluciones.com\/index.php\/aviso-legal\/","url":"https:\/\/santiasoluciones.com\/index.php\/aviso-legal\/","name":"Aviso legal -","isPartOf":{"@id":"https:\/\/santiasoluciones.com\/#website"},"datePublished":"2025-01-14T13:09:20+00:00","dateModified":"2025-02-07T18:28:42+00:00","breadcrumb":{"@id":"https:\/\/santiasoluciones.com\/index.php\/aviso-legal\/#breadcrumb"},"inLanguage":"es","potentialAction":[{"@type":"ReadAction","target":["https:\/\/santiasoluciones.com\/index.php\/aviso-legal\/"]}]},{"@type":"BreadcrumbList","@id":"https:\/\/santiasoluciones.com\/index.php\/aviso-legal\/#breadcrumb","itemListElement":[{"@type":"ListItem","position":1,"name":"Portada","item":"https:\/\/santiasoluciones.com\/"},{"@type":"ListItem","position":2,"name":"Aviso legal"}]},{"@type":"WebSite","@id":"https:\/\/santiasoluciones.com\/#website","url":"https:\/\/santiasoluciones.com\/","name":"santiasoluciones.com","description":"","publisher":{"@id":"https:\/\/santiasoluciones.com\/#organization"},"potentialAction":[{"@type":"SearchAction","target":{"@type":"EntryPoint","urlTemplate":"https:\/\/santiasoluciones.com\/?s={search_term_string}"},"query-input":{"@type":"PropertyValueSpecification","valueRequired":true,"valueName":"search_term_string"}}],"inLanguage":"es"},{"@type":"Organization","@id":"https:\/\/santiasoluciones.com\/#organization","name":"SANTIA SOLUCIONES","url":"https:\/\/santiasoluciones.com\/","logo":{"@type":"ImageObject","inLanguage":"es","@id":"https:\/\/santiasoluciones.com\/#\/schema\/logo\/image\/","url":"https:\/\/santiasoluciones.com\/wp-content\/uploads\/2025\/01\/IMG-20241226-WA0003.png","contentUrl":"https:\/\/santiasoluciones.com\/wp-content\/uploads\/2025\/01\/IMG-20241226-WA0003.png","width":2048,"height":1161,"caption":"SANTIA SOLUCIONES"},"image":{"@id":"https:\/\/santiasoluciones.com\/#\/schema\/logo\/image\/"},"sameAs":["https:\/\/www.facebook.com\/santiasoluciones\/"]}]}},"jetpack_sharing_enabled":true,"_links":{"self":[{"href":"https:\/\/santiasoluciones.com\/index.php\/wp-json\/wp\/v2\/pages\/113","targetHints":{"allow":["GET"]}}],"collection":[{"href":"https:\/\/santiasoluciones.com\/index.php\/wp-json\/wp\/v2\/pages"}],"about":[{"href":"https:\/\/santiasoluciones.com\/index.php\/wp-json\/wp\/v2\/types\/page"}],"author":[{"embeddable":true,"href":"https:\/\/santiasoluciones.com\/index.php\/wp-json\/wp\/v2\/users\/1"}],"replies":[{"embeddable":true,"href":"https:\/\/santiasoluciones.com\/index.php\/wp-json\/wp\/v2\/comments?post=113"}],"version-history":[{"count":37,"href":"https:\/\/santiasoluciones.com\/index.php\/wp-json\/wp\/v2\/pages\/113\/revisions"}],"predecessor-version":[{"id":1130,"href":"https:\/\/santiasoluciones.com\/index.php\/wp-json\/wp\/v2\/pages\/113\/revisions\/1130"}],"wp:attachment":[{"href":"https:\/\/santiasoluciones.com\/index.php\/wp-json\/wp\/v2\/media?parent=113"}],"curies":[{"name":"wp","href":"https:\/\/api.w.org\/{rel}","templated":true}]}}